me factors of h.
2, 3433
Suppose -3*z = -2*c - 128, 5*c - 5*z + 500 - 185 = 0. Let p = 7 + c. Let y = 143 + p. What are the prime factors of y?
89
Let m(j) = -15*j**3 + 29*j**2 - 6*j - 21. List the prime factors of m(-7).
7, 941
What are the prime factors of 4/(-26) - 1320/(-3510) - (-22400)/45?
2, 3, 83
Suppose 6*c = -5*c + 22. Suppose 3*o - 322 - 359 = -5*s, o - c*s = 227. List the prime factors of o.
227
Let i(p) = -2*p - 45 - 2*p - 25*p - 9*p - p**2. Suppose -4*h - 221 = 5*j - 69, j = 4*h - 16. List the prime factors of i(j).
5, 47
Let y(t) = 108*t**2 - 3*t + 3. Suppose 6*g + 8 = 14. What are the prime factors of y(g)?
2, 3
Let n be (-1198 - 2)/4*4/(-6). Suppose 284 = 5*a - 4*q, -q + 104 = 5*a - n. What are the prime factors of (-36)/a + 846/10?
2, 3, 7
Let h(m) = -47*m**3 - 6*m**2 - 4*m - 3. Let p be ((-2)/4)/(5/20). List the prime factors of h(p).
3, 7, 17
Suppose -45401 = -13*c + 109104. What are the prime factors of c?
5, 2377
Let m = -17616 + 52997. What are the prime factors of m?
35381
Suppose -3*c = o - 11366, -4*c - 4*o = -9*o - 15142. List the prime factors of c.
2, 947
Let a(v) = -11*v + 121. Let x be a(10). Let k(q) = 17*q - 38. List the prime factors of k(x).
149
Let m(y) = 33*y**2 - 3*y - 10. Let b(j) = -3*j**3 + 2*j**2 - 1. Let h be b(1). Let a be m(h). List the prime factors of (a/6)/(6/9).
2
Let m = 83272 - 152902. List the prime factors of 19/((-950)/m) - (-4)/10.
7, 199
Let z be (-4)/(1 - 5) + -3. Let f(x) = -3*x**3 - 3*x**2 + 2*x - 4. What are the prime factors of f(z)?
2
Let j(b) = -829*b + 3682. What are the prime factors of j(-24)?
2, 11789
Let j(r) = -616*r + 360. Let n be j(-6). Let z = -2806 + n. List the prime factors of z.
2, 5
List the prime factors of 16188*(-10)/(-4)*348/1305.
2, 19, 71
Let d = -370 + 374. Suppose -4*m - 2*u + 200 = 0, 3*m + u = -3*u + 145. Suppose -423 = -d*f - m. What are the prime factors of f?
3, 31
Let w(z) = -28*z**3 + 5*z**2 + 7*z + 12. Let a be w(-4). Let q = a + -1247. What are the prime factors of q?
3, 7, 29
Let w(o) = -323*o + 595. List the prime factors of w(-26).
17, 23
List the prime factors of 577788*29/116*1/3.
89, 541
What are the prime factors of (-14)/((-882)/2677675) + (-8)/(-36)?
19, 2237
Let a = -774 - -1093. Let w(y) = -258*y - 6 - a*y + 375*y. What are the prime factors of w(-1)?
2, 7
Let n(g) = 60*g**2 - 3*g - 3. Suppose 5*p - 3*p + 2 = 0. Let m be (p + -1)*(-5 + 6). List the prime factors of n(m).
3
Let v = 26 - 20. Suppose 0 = -8*o + v*o - 32. Let d = 20 + o. List the prime factors of d.
2
What are the prime factors of 15988/21*(((-270)/(-12))/1 + 6)?
2, 19, 571
Let q = 12 - 8. Suppose -5*i + 2*k = 590, -4*i + 0*k = q*k + 472. What are the prime factors of (i/(-6))/(12/36)?
59
Let k be 4/(-1) - (0 - 4). Suppose -19*a + 21*a - 4 = k. Suppose a*w + 2*t - t - 106 = 0, 0 = -2*w + 5*t + 118. List the prime factors of w.
2, 3
Let r(a) = 9*a**2 - 9*a + 24. Let b be r(8). Suppose 0 = 7*v - 13*v + b. List the prime factors of ((-46)/(-4))/(4/v).
11, 23
Suppose a - 3*a + 18 = 5*m, 2*a - 14 = -3*m. Suppose a*y = -2*y - 6. Let h(d) = -57*d**3 + 2*d**2 - 1. What are the prime factors of h(y)?
2, 29
Suppose -134*m = -6117614 - 5700650. What are the prime factors of m?
2, 17, 1297
Suppose -14*f + 405376 - 133146 = 0. List the prime factors of f.
5, 3889
Let s(i) = i**2 - 29*i + 119. Let r be s(5). List the prime factors of (-438)/(r/(-6) - 357/630).
3, 5, 73
Suppose -22*c + 8 = -14*c. List the prime factors of 234*c + -4 + 6.
2, 59
What are the prime factors of (3 - -14076) + (-5 - 3)?
14071
Suppose 0*i - j - 35 = 4*i, 4*i + 34 = -2*j. Let k(z) = -130*z - 314. What are the prime factors of k(i)?
2, 107
Let h = 4103 + -4100. Let k(m) = -8 - m + 25*m + 20*m. What are the prime factors of k(h)?
2, 31
Suppose 37*t + 13*t - 175175 = t. List the prime factors of t.
5, 11, 13
Suppose -150 = -17*l + 7*l. Suppose -5*d + 5 = 5*h - l, 2*h = -d + 5. Suppose 0*u + r - 277 = -d*u, 5*u - 2*r - 469 = 0. What are the prime factors of u?
3, 31
Suppose l + q - 58341 = 0, 11*l = 2*l - 2*q + 525125. List the prime factors of l.
19, 37, 83
Let q = 8452 + -4327. What are the prime factors of q?
3, 5, 11
Let o(g) = g**2 - 2*g - 12. Let p be o(5). Suppose p*m - 59 - 1635 = -u, -m = 4*u - 561. List the prime factors of m.
5, 113
Let w = 82 - 104. Let s(k) = -k**3 - 21*k**2 + 5*k - 20. List the prime factors of s(w).
2, 3, 59
Suppose 76*q - 68*q - 10224 = 0. Let m = q - 548. What are the prime factors of m?
2, 5, 73
Suppose -52*z + 57*z = 0. Suppose -8*q - 14*q + 2508 = z. List the prime factors of q.
2, 3, 19
Suppose 0 = 59*f - 47*f - 34044. Suppose 12*v - 2647 = f. List the prime factors of v.
457
Suppose 2*f - 12748 - 7166 = 0. List the prime factors of f.
3, 3319
Suppose 2*g = -t + 262, -t - 225 = -3*g + 163. Suppose 5*s - g = -5*b, 3*s + 5*b - 94 = -16. List the prime factors of s.
2, 13
Suppose 2*u - 4*q + 142 - 450 = 0, -u + q + 156 = 0. Suppose 159*w - 1088 = u*w. What are the prime factors of w?
2, 17
Let n = -188 + 195. Suppose -233 = -n*c - 86. What are the prime factors of c?
3, 7
Let s(g) = 292*g + 27. Suppose -12*k - 8 = -16*k + 4*a, -6 = -2*a. List the prime factors of s(k).
1487
Suppose 0*m - 3*m = -6. Suppose m*c = 4*l - 521 - 599, 0 = 4*l + 3*c - 1130. List the prime factors of l.
281
Let a(i) = 142*i**2 - i - 3. Let n(f) = -71*f**2 + f - 3 + 10 - 5 - 1. Let m(j) = -2*a(j) - 5*n(j). What are the prime factors of m(1)?
3, 23
Let w(t) = -18*t**3 - 14*t**2 - 14*t - 139. List the prime factors of w(-11).
22279
Let h(a) = 628*a + 2330. List the prime factors of h(7).
2, 3, 19, 59
Let f = 0 - -2. Let b = 479 + -170. Suppose -s - 60 = -f*m + 155, b = 3*m + 3*s. List the prime factors of m.
2, 53
Let q be 6/9 - (-152)/(-3). Let f(g) = 5*g - 177. Let a be f(20). Let m = q - a. What are the prime factors of m?
3
Let t = -77898 - -138436. What are the prime factors of t?
2, 30269
Suppose 5*d - 2 = -3*i + 245, -2*d - 5*i = -114. Let g = d + -44. Suppose -g*n + 319 = -r, 0 = 3*n - 4*r + r - 321. List the prime factors of n.
2, 53
Suppose -o - 37 = -2*h, 3*o + 0*o + 5*h + 155 = 0. Let q be 2950/(-9) + 10/o. Let a = -121 - q. List the prime factors of a.
3, 23
Suppose -2*i - 25 = -25. Suppose i = 8*x - 1975 - 953. List the prime factors of x.
2, 3, 61
Let x(b) be the second derivative of -b**4/4 - 5*b**3 - 3*b**2/2 + 6*b. Let r be x(-7). Suppose 100 = 2*h + r. What are the prime factors of h?
2, 5
Suppose c = 3*c - 10. Suppose -18*d = -c*d - 7891. What are the prime factors of d?
607
Let d(g) = g**3 + 38*g**2 + 34*g + 259. What are the prime factors of d(-30)?
47, 137
Let d(h) = -3*h**3 + h + 1. Let x be d(-1). Suppose 0 = -7*l + x*l - 512. Let c = -93 - l. List the prime factors of c.
5, 7
Suppose f = -4, -5*z + 175 = -10*f + 5*f. Suppose 26*u - z*u = -20. Suppose -4*t = 5*o - 599, 3*o = t - u*t + 357. List the prime factors of o.
3, 41
Let n be 16/(-24) - (897/(-9) + -1). Let p be ((-648)/(-10))/((-30)/n). List the prime factors of p/(-28) - 8 - 830/(-14).
59
Let d(r) be the second derivative of r**4/12 + 17*r**3/6 - 1167*r. Let c(n) = -n**2 - 7*n - 2. Let h be c(-5). List the prime factors of d(h).
2, 5
What are the prime factors of -17065*(-15)/(-125)*(-29 - -4)?
3, 5, 3413
Let c = -8477 + 20121. What are the prime factors of c?
2, 41, 71
Let l = 171 + 890. What are the prime factors of l + (-4 - 1)/(-1)?
2, 13, 41
Let s(l) = l**3 - l**2 + 2*l + 66. Let k be s(0). Let y = k + -59. Suppose y*j - 3*j = 5*w + 316, 2*w = -4*j + 288. List the prime factors of j.
2, 37
Let s = -9213 + 21058. List the prime factors of s.
5, 23, 103
List the prime factors of (-152232)/(-18) + (-128)/96.
2, 7, 151
What are the prime factors of -3 - -8315*22/55?
3323
Let y(j) be the third derivative of 3*j**4/4 - 5*j**3/6 + 5*j**2. Let i = 53 + -50. What are the prime factors of y(i)?
7
Let u = -2 + 2. Let d(h) = h**2 - 5*h - 11*h - 5*h + 23*h + 60. List the prime factors of d(u).
2, 3, 5
Suppose -5*k - 2*j = -6 - 13, -4*j - 12 = 0. Let f(i) = 15*i - 20*i + 33*i**2 - 2*i + 3*i - 17 - 25*i**2. List the prime factors of f(k).
163
Suppose 109*x + 4312 = 186*x. What are the prime factors of x?
2, 7
Let b be -11 + 9 + (-5)/(15/426). Let j = 304 + b. List the prime factors of j.
2, 5
Let i be -99*1/(-3) - 6. Suppose 1205 + 832